j?
2, 1637
Let a = -29 - -32. Suppose d - 2*d + 149 = j, 4*d + 475 = a*j. List the prime factors of j.
3, 17
Suppose 103 - 98 = -r. Let s be -1 + (-4)/((-4)/53). Let l = s + r. List the prime factors of l.
47
Suppose 0 = -0*p - 22*p + 141551 + 278979. List the prime factors of p.
5, 3823
Let u = -765 - -1125. Suppose -83*z + u = -79*z. Suppose z = 5*j - 380. What are the prime factors of j?
2, 47
Suppose -7878 + 60630 = 14*r. List the prime factors of r.
2, 3, 157
Let m(d) = -19*d**2 + 2*d - 1. Let x be m(-4). Let a = -2 - x. What are the prime factors of a?
311
Let u(k) = k**2 - 12*k + 1. Let a be u(12). Let i be a/((-50)/(-20) + -1*2). Suppose 66 = -h + i*h. List the prime factors of h.
2, 3, 11
Let n be (-391)/(-119) - 2/21*3. Suppose -2*x + 139 = n*s, 2*s = -x + 5*s + 47. What are the prime factors of x?
2, 31
Let k(w) = w**3 - 3*w**2 - 15*w + 29. Let u be k(5). Suppose q = 0, -u*q + 5160 = 3*z + 1641. What are the prime factors of z?
3, 17, 23
Suppose 5*i = -0*i - k + 10, 3*i - 3*k - 6 = 0. Suppose -r + 2*r + 2616 = -i*a, -r = a + 2620. What are the prime factors of r/(-28) - 1*(-8)/28?
2, 47
Suppose 0 = -4*m - r + 36089, -30589 = -5*m - r + 14522. List the prime factors of m.
2, 13, 347
Let q = 39564 - 27719. List the prime factors of q.
5, 23, 103
Let o = -6874 - -10170. What are the prime factors of o?
2, 103
Let r(b) = 73*b**2 - 1. Let y be r(1). Let t be y/(-16)*2/3 + -112. Let v = t + 232. List the prime factors of v.
3, 13
Suppose -4 = -4*x, 3 = 3*k + 3*x - 6. Let p(u) = -141*u**k - u**3 - 4 + 136*u**2 - 3*u + 14. What are the prime factors of p(-6)?
2
Suppose 0 = 3*a - v + 5*v - 2, 3*a - 5 = -v. Suppose 2*t = 5*s - 512, 3*s = a*t + 104 + 200. List the prime factors of s.
2, 13
Let f(y) = -4*y**3 + 8*y**2 + 57*y + 118. What are the prime factors of f(-17)?
43, 491
Suppose -12238 = -5*j + 3*j. What are the prime factors of j?
29, 211
Suppose -24*a + 11565456 = 98*a + 214*a. What are the prime factors of a?
34421
Let m(k) = 2*k - 22. Let r = -24 - -28. Suppose -2*q - r = -0*q, 3*c - 2*q = 43. List the prime factors of m(c).
2
Let o = -9273 + 27221. List the prime factors of o.
2, 7, 641
Let h be (2 - 1) + (-24)/(-12). Suppose -4 - 8 = -h*t. Suppose 5*m + 2*y - 7*y - 460 = 0, 72 = m + t*y. List the prime factors of m.
2, 11
Suppose -9*w + 12*w - 12 = 0. Let s be 35/4 + (-4)/(-16). Suppose -s*b + 643 = -4*b - 4*n, w*b = -5*n + 539. What are the prime factors of b?
131
Suppose -3*n + 5*q = -40, 4*n + 2*q - 6 = 4. Let o be (1 - 6) + 45*n. Suppose 7*c - 914 - o = 0. What are the prime factors of c?
2, 3
Let i(q) = 6*q**3 - 9*q**2 - 7*q + 838. Let c(j) = j**3 - 2*j**2 - j. Let o(z) = -5*c(z) + i(z). What are the prime factors of o(0)?
2, 419
Let h = -260 - -746. Let i = 906 - h. What are the prime factors of i?
2, 3, 5, 7
What are the prime factors of ((-7632)/(-15))/((1/10)/(1885/260))?
2, 3, 29, 53
Suppose 0 = 34*s + 75 - 245. Let q(w) = 11*w**2 + 1. Let p be q(1). Suppose -s = -j + p. List the prime factors of j.
17
Suppose -52*d + 39253 + 102821 = 5106. What are the prime factors of d?
2, 3, 439
Suppose 2*l - 9*l = 210. Let b be 198/(-7) - l/105. List the prime factors of 5117/49 - (-2)/b*6.
2, 13
Suppose -4*u = -m + u + 849, 0 = -4*m + 5*u + 3321. Let d = m - 481. List the prime factors of d.
7
Suppose 2*q = k + 21060, 5*q - k + 8816 = 61469. List the prime factors of q.
10531
Suppose 2001 + 1170 = -7*p. Let h = p - -2221. What are the prime factors of h?
2, 13, 17
Let x(z) = -5586*z - 521. What are the prime factors of x(-2)?
10651
Let w(p) = 1345*p**2 + 351*p - 1054. List the prime factors of w(3).
2, 17, 89
Suppose -61*v - 74 = 4*y - 56*v, -3*v = 6. Let g = y + 478. What are the prime factors of g?
2, 3, 7, 11
Suppose -2*b = -c + 2773, -10*c + 13*c = -4*b + 8339. Suppose 13*v = -3*w + 8*v + c, w = -4*v + 914. List the prime factors of w.
2, 467
Suppose 0 = 2*w + 5*o - 67, -4*w + 5*o - 27 + 176 = 0. Suppose -7*j - 1624 = -w*j. What are the prime factors of j?
2, 7
Let k(w) = 149*w + 1. Let b be k(1). Suppose -252 = -4*v - 4*p + 128, -v - 4*p = -89. Let d = b - v. List the prime factors of d.
53
Let c = 16084 - 9017. What are the prime factors of c?
37, 191
Suppose -119*u + 2730 = -114*u. Let z = -342 + u. What are the prime factors of z?
2, 3, 17
Suppose 5*x - 15112 = 2*b, 0 = x - 2*b - 943 - 2081. Suppose 0*n = -4*n - 3*s + x, 3*s = 4*n - 3010. List the prime factors of n.
2, 13, 29
Let q(r) = -2*r**3 + r**2. Let h be q(2). Let x be 1*52/h*1*-3. Suppose -1345 - 1697 = -x*p. What are the prime factors of p?
2, 3, 13
List the prime factors of 4507 - (26/2 + -3).
3, 1499
Suppose -w - h = -6680, 4*w - 6*h = -9*h + 26726. What are the prime factors of w?
2, 3343
Let g(y) = 1005 + 2*y + 87*y**2 - 2*y - 1021. What are the prime factors of g(-4)?
2, 43
List the prime factors of (-750)/(-125)*7069/6.
7069
Suppose 0 = 42*z - 3*z - 44031. Suppose 3*w - 2*u = 1114, 3*w - 4*u - u - z = 0. What are the prime factors of w?
2, 23
Suppose 7*s - 5*j - 7388 = 5*s, 5*s - 18592 = -18*j. What are the prime factors of s?
2, 463
Suppose 3*t - 4*d = 5*t + 270, 276 = -2*t + 2*d. Let n = -99 - t. Suppose -34*s + n*s = 784. List the prime factors of s.
2, 7
Suppose -373 = 4*r + 943. Let i = r - -640. What are the prime factors of i?
311
Let o(r) = -165*r**2 - 25. Let h(z) = 55*z**2 + 8. Let u(y) = 10*h(y) + 3*o(y). List the prime factors of u(2).
3, 5
Let a(z) = -701*z - 283. List the prime factors of a(-14).
3, 353
Let l = -304 + 15992. List the prime factors of l.
2, 37, 53
Suppose 1969545 = 166*k + 725375. What are the prime factors of k?
5, 1499
Let x be ((-3)/((-36)/16))/((-2)/327). Let s = 431 + x. List the prime factors of s.
3, 71
Suppose -11 = j - 4*w, -2*j - 5*w = -6*j. Suppose 0 = -u - 2, 3*l + j*u = -l + 66. Suppose -5*y = -156 - l. What are the prime factors of y?
5, 7
Suppose -4*n + 649 = -12503. Suppose 460 = 4*v - 4*l - n, -2*l = 5*v - 4671. List the prime factors of v.
5, 11, 17
Suppose 4*z - 96 = -4*s, 2*s = 2*z - 3*z + 28. What are the prime factors of (1 - -25)*310/z?
13, 31
Let y be 3760/75 - (-8)/(-60) - -1. Let d = 55 - y. What are the prime factors of 183 + d + (-2)/((-2)/(-7))?
2, 3, 5
Suppose -13 + 8 = -f. Let n(h) = h - f*h + 6 - 2*h**2 + 7*h**2. What are the prime factors of n(4)?
2, 5, 7
Let t be (11/(-6))/11 + (-4)/(-24). Suppose t = -4*m + 1936 - 104. What are the prime factors of m?
2, 229
What are the prime factors of 5/(-20)*(-929 + -3 + 0)?
233
Suppose 5*o = 3*j + 3*o + 123, 2*j + 82 = 3*o. Let n = j + 1690. List the prime factors of n.
17, 97
Let s = 150 - 147. Suppose -2*z - s*i = -626, 4*i + 272 + 19 = z. What are the prime factors of z?
307
Suppose -8 = -9*g + 64. What are the prime factors of (-3044)/(-18) - g/72?
13
Let a be 10/(-20)*0/3. Suppose 2*m = a, -r - m - 6715 = -6*r. List the prime factors of r.
17, 79
Suppose 3*i - 4*z = 840, i + z - 287 = -0*i. Let k = 952 - i. What are the prime factors of k?
2, 167
Suppose -5*r + 405 - 5843 = -3*h, 5*r - 4*h = -5439. Let n = -617 - r. What are the prime factors of n?
2, 5, 47
Suppose 35*o = 60*o - 156350. List the prime factors of o.
2, 53, 59
List the prime factors of ((-22146)/(-9))/(12 + 700/(-60)).
2, 3691
Let l be 5 + -4 + -2 + 0. List the prime factors of -4*(18/(-20) - l)*-895.
2, 179
Suppose -7*b + 44 = 9. Suppose -3*a - b*x = -x - 4, 3*a + 5 = 5*x. Suppose -5*d + 18 = -a*m - m, 28 = 4*m + 5*d. What are the prime factors of m?
2
Let l = -40 - -45. Suppose 0 = t + 5*o + 8, 2*o = l*t + o - 12. Suppose 120 = -t*z + 4*z. What are the prime factors of z?
2, 3, 5
Let m(j) = 37*j + 31. Let f be m(2). Suppose -3*n - 274 = -l + f, 3*l + 4*n = 1111. List the prime factors of l.
373
Let n(j) be the second derivative of -31*j + 8/3*j**3 + 0 + 3*j**2 + 13/12*j**4 + 1/20*j**5. What are the prime factors of n(-8)?
2, 3, 11
Let u(h) = -3*h - 51. Let d be (-31)/2 - 1 - (-8)/(-16). Let f be u(d). What are the prime factors of 1*366/3 + f + -3?
7, 17
Suppose 0*h - 2*h + 26 = -i, -h - 95 = 4*i. Let n = i + 56. Suppose -j + n = 23. List the prime factors of j.
3
Suppose 2*j - a - 7 + 0 = 0, -5*j + 17 = -2*a. Let g = -97 - j. List the prime factors of (-2 + g/(-35))/((-2)/(-238)).
2, 3, 17
Let s(g) = 11*g**3 - 8*g**2 + 23*g - 99. What are the prime factors of s(8)?
3, 5, 347
Let s